the prime factors of 64497.
3, 21499
List the prime factors of 4924.
2, 1231
What are the prime factors of 876?
2, 3, 73
What are the prime factors of 2618?
2, 7, 11, 17
What are the prime factors of 35148?
2, 3, 29, 101
What are the prime factors of 14898?
2, 3, 13, 191
List the prime factors of 78.
2, 3, 13
List the prime factors of 14046.
2, 3, 2341
List the prime factors of 157.
157
List the prime factors of 1211.
7, 173
List the prime factors of 8491.
7, 1213
What are the prime factors of 25209?
3, 2801
List the prime factors of 62062.
2, 7, 11, 13, 31
What are the prime factors of 25488?
2, 3, 59
What are the prime factors of 1949?
1949
List the prime factors of 5235.
3, 5, 349
List the prime factors of 7774.
2, 13, 23
List the prime factors of 1747.
1747
List the prime factors of 625.
5
What are the prime factors of 5259?
3, 1753
What are the prime factors of 115178?
2, 7, 19, 433
List the prime factors of 45331.
11, 13, 317
List the prime factors of 222.
2, 3, 37
What are the prime factors of 10452?
2, 3, 13, 67
What are the prime factors of 441?
3, 7
What are the prime factors of 3947?
3947
What are the prime factors of 9784?
2, 1223
What are the prime factors of 17827?
17827
List the prime factors of 100063.
47, 2129
What are the prime factors of 7850?
2, 5, 157
What are the prime factors of 27332?
2, 6833
What are the prime factors of 4472?
2, 13, 43
List the prime factors of 139.
139
What are the prime factors of 2038?
2, 1019
What are the prime factors of 4388?
2, 1097
List the prime factors of 25132.
2, 61, 103
List the prime factors of 11787.
3, 3929
What are the prime factors of 2495?
5, 499
What are the prime factors of 2899?
13, 223
List the prime factors of 104108.
2, 17, 1531
What are the prime factors of 17595?
3, 5, 17, 23
What are the prime factors of 2053?
2053
List the prime factors of 526.
2, 263
List the prime factors of 1400.
2, 5, 7
What are the prime factors of 34433?
7, 4919
What are the prime factors of 11823?
3, 7, 563
What are the prime factors of 3289?
11, 13, 23
What are the prime factors of 10695?
3, 5, 23, 31
List the prime factors of 6623.
37, 179
List the prime factors of 1023.
3, 11, 31
What are the prime factors of 19147?
41, 467
What are the prime factors of 1651?
13, 127
List the prime factors of 61961.
61961
List the prime factors of 17872.
2, 1117
List the prime factors of 11829.
3, 3943
What are the prime factors of 24446?
2, 17, 719
What are the prime factors of 1033?
1033
List the prime factors of 760.
2, 5, 19
What are the prime factors of 32?
2
What are the prime factors of 101867?
23, 43, 103
List the prime factors of 7419.
3, 2473
List the prime factors of 4302.
2, 3, 239
What are the prime factors of 1414?
2, 7, 101
List the prime factors of 940.
2, 5, 47
What are the prime factors of 1804?
2, 11, 41
What are the prime factors of 4735?
5, 947
What are the prime factors of 3771?
3, 419
What are the prime factors of 684?
2, 3, 19
What are the prime factors of 61?
61
List the prime factors of 37205.
5, 7, 1063
What are the prime factors of 595?
5, 7, 17
List the prime factors of 8562.
2, 3, 1427
What are the prime factors of 731?
17, 43
List the prime factors of 20644.
2, 13, 397
What are the prime factors of 618?
2, 3, 103
List the prime factors of 2253.
3, 751
List the prime factors of 10819.
31, 349
List the prime factors of 102.
2, 3, 17
What are the prime factors of 6996?
2, 3, 11, 53
List the prime factors of 516.
2, 3, 43
What are the prime factors of 4271?
4271
List the prime factors of 13905.
3, 5, 103
List the prime factors of 6595.
5, 1319
List the prime factors of 732.
2, 3, 61
What are the prime factors of 843?
3, 281
List the prime factors of 49163.
211, 233
List the prime factors of 7341.
3, 2447
What are the prime factors of 955?
5, 191
What are the prime factors of 55197?
3, 6133
What are the prime factors of 25282?
2, 12641
List the prime factors of 5576.
2, 17, 41
List the prime factors of 58780.
2, 5, 2939
What are the prime factors of 1592?
2, 199
List the prime factors of 13464.
2, 3, 11, 17
What are the prime factors of 14938?
2, 7, 11, 97
List the prime factors of 17583.
3, 5861
What are the prime factors of 628?
2, 157
List the prime factors of 27189.
3, 19, 53
List the prime factors of 35207.
17, 19, 109
What are the prime factors of 5217?
3, 37, 47
List the prime factors of 94758.
2, 3, 17, 929
List the prime factors of 67965.
3, 5, 23, 197
What are the prime factors of 22425?
3, 5, 13, 23
What are the prime factors of 6790?
2, 5, 7, 97
List the prime factors of 305.
5, 61
List the prime factors of 2192.
2, 137
What are the prime factors of 28727?
23, 1249
What are the prime factors of 11706?
2, 3, 1951
List the prime factors of 524.
2, 131
List the prime factors of 7477.
7477
What are the prime factors of 18176?
2, 71
What are the prime factors of 1095?
3, 5, 73
What are the prime factors of 98931?
3, 7, 673
What are the prime factors of 39390?
2, 3, 5, 13, 101
What are the prime factors of 3880?
2, 5, 97
What are the prime factors of 3807?
3, 47
What are the prime factors of 62272?
2, 7, 139
What are the prime factors of 46024?
2, 11, 523
What are the prime factors of 31430?
2, 5, 7, 449
What are the prime factors of 3936?
2, 3, 41
List the prime factors of 1809.
3, 67
What are the prime factors of 153308?
2, 38327
List the prime factors of 4003.
4003
What are the prime factors of 9974?
2, 4987
List the prime factors of 10001.
73, 137
What are the prime factors of 57230?
2, 5, 59, 97
What are the prime factors of 87?
3, 29
What are the prime factors of 32510?
2, 5, 3251
List the prime factors of 319.
11, 29
What are the prime factors of 4060?
2, 5, 7, 29
What are the prime factors of 850?
2, 5, 17
What are the prime factors of 38354?
2, 127, 151
What are the prime factors of 2850?
2, 3, 5, 19
List the prime factors of 105103.
61, 1723
List the prime factors of 2694.
2, 3, 449
List the prime factors of 6262.
2, 31, 101
List the prime factors of 103.
103
List the prime factors of 26888.
2, 3361
What are the prime factors of 20855?
5, 43, 97
What are the prime factors of 28722?
2, 3, 4787
List the prime factors of 7803.
3, 17
What are the prime factors of 2070?
2, 3, 5, 23
What are the prime factors of 3960?
2, 3, 5, 11
List the prime factors of 31486.
2, 7, 13, 173
List the prime factors of 1433.
1433
List the prime factors of 1006.
2, 503
What are the prime factors of 13243?
17, 19, 41
List the prime factors of 773.
773
What are the prime factors of 18011?
7, 31, 83
What are the prime factors of 2577?
3, 859
What are the prime factors of 9675?
3, 5, 43
List the prime factors of 7977.
3, 2659
What are the prime factors of 2286?
2, 3, 127
What are the prime factors of 35654?
2, 17827
List the prime factors of 2789.
2789
List the prime factors of 7175.
5, 7, 41
List the prime factors of 2252.
2, 563
List the prime factors of 917.
7, 131
What are the prime factors of 40879?
40879
List the prime factors of 282.
2, 3, 47
List the prime factors of 2660.
2, 5, 7, 19
List the prime factors of 20791.
17, 1223
List the prime factors of 44091.
3, 23, 71
List the prime factors of 82375.
5, 659
List the prime factors of 7560.
2, 3, 5, 7
What are the prime factors of 50716?
2, 31, 409
List the prime factors of 139546.
2, 11, 6343
List the prime factors of 22801.
151
List the prime factors of 213.
3, 71
List the prime factors of 23540.
2, 5, 11, 107
What are the prime factors of 43492?
2, 83, 131
What are the prime factors of 4611?
3, 29, 53
List the prime factors of 2031.
3, 677
List the prime factors of 26198.
2, 13099
List the prime factors of 126989.
126989
What are the prime factors of 8160?
2, 3, 5, 17
List the prime factors of 74794.
2, 37397
What are the prime factors of 33366?
2, 3, 67, 83
What are the prime factors of 17859?
3, 5953
List the prime factors of 25094.
2, 12547
List the prime factors of 3542.
2, 7, 11, 23
List the prime factors of 783.
3, 29
List the prime factors of 13689.
3, 13
What are the prime factors of 4459?
7, 13
What are the prime factors of 90038?
2, 13, 3463
What are the prime factors of 15620?
2, 5, 11, 71
List the prime factors of 1484.
2, 7, 53
List the prime factors of 26320.
2, 5, 7, 47
What are the prime factors of 3137?
3137
What are th